) to base 10
18
What is -101001 (base 2) in base 6?
-105
125 (base 6) to base 2
110101
Convert 330 (base 5) to base 15.
60
Convert 33 (base 10) to base 14.
25
What is 1 (base 15) in base 12?
1
What is 3 (base 10) in base 7?
3
Convert 2 (base 5) to base 4.
2
0 (base 8) to base 4
0
351 (base 6) to base 2
10001011
What is e (base 16) in base 3?
112
Convert -11 (base 10) to base 7.
-14
Convert 5 (base 9) to base 5.
10
-1 (base 16) to base 5
-1
What is 5 (base 8) in base 11?
5
3 (base 16) to base 5
3
Convert 48 (base 10) to base 2.
110000
What is -c (base 14) in base 16?
-c
-10 (base 5) to base 14
-5
What is 11 (base 11) in base 2?
1100
16 (base 14) to base 16
14
Convert -9 (base 15) to base 6.
-13
Convert 1310 (base 6) to base 11.
280
What is -1 (base 5) in base 2?
-1
-3 (base 13) to base 9
-3
-21 (base 6) to base 14
-d
Convert -13 (base 6) to base 14.
-9
-166 (base 13) to base 4
-3331
Convert 202 (base 3) to base 8.
24
115 (base 7) to base 6
141
Convert 68 (base 11) to base 2.
1001010
Convert 2 (base 10) to base 3.
2
Convert 1111 (base 4) to base 9.
104
Convert 26 (base 7) to base 15.
15
What is -1025 (base 6) in base 13?
-14c
What is -10 (base 2) in base 7?
-2
-5 (base 16) to base 10
-5
Convert -21 (base 12) to base 14.
-1b
What is 5 (base 6) in base 8?
5
Convert -25 (base 9) to base 6.
-35
What is -30 (base 4) in base 11?
-11
Convert -1 (base 16) to base 5.
-1
What is 1 (base 2) in base 4?
1
-314 (base 5) to base 14
-60
-2 (base 12) to base 11
-2
29 (base 12) to base 2
100001
What is -a (base 14) in base 3?
-101
Convert 7 (base 16) to base 9.
7
Convert 1a (base 15) to base 10.
25
1 (base 5) to base 13
1
Convert -2 (base 15) to base 6.
-2
Convert -8f (base 16) to base 9.
-168
Convert 2 (base 4) to base 15.
2
What is -2 (base 6) in base 10?
-2
Convert -f (base 16) to base 7.
-21
-302 (base 6) to base 12
-92
Convert -1011011 (base 2) to base 9.
-111
What is 323 (base 10) in base 12?
22b
Convert 32 (base 12) to base 3.
1102
What is 144 (base 6) in base 3?
2101
Convert 11011111 (base 2) to base 6.
1011
Convert 3 (base 14) to base 2.
11
What is -10 (base 4) in base 7?
-4
What is -10000000 (base 2) in base 12?
-a8
What is -5 (base 16) in base 14?
-5
Convert -67 (base 15) to base 4.
-1201
Convert 141 (base 13) to base 9.
266
What is 0 (base 2) in base 7?
0
What is -156 (base 7) in base 8?
-132
Convert -49 (base 14) to base 16.
-41
What is 6 (base 14) in base 4?
12
-40 (base 12) to base 11
-44
What is 104 (base 6) in base 5?
130
Convert -2 (base 4) to base 10.
-2
Convert -14 (base 9) to base 3.
-111
What is 43 (base 10) in base 8?
53
What is 16 (base 7) in base 9?
14
What is -21 (base 13) in base 8?
-33
-11 (base 14) to base 5
-30
What is a (base 12) in base 3?
101
Convert 0 (base 3) to base 10.
0
Convert -3 (base 14) to base 5.
-3
What is -3 (base 16) in base 3?
-10
What is 4 (base 10) in base 15?
4
What is -2 (base 9) in base 16?
-2
What is -19 (base 13) in base 4?
-112
What is -13 (base 9) in base 16?
-c
-441 (base 6) to base 2
-10101001
2 (base 10) to base 11
2
-2 (base 16) to base 3
-2
What is -26 (base 7) in base 16?
-14
Convert -28 (base 9) to base 15.
-1b
Convert 25 (base 13) to base 16.
1f
Convert 21 (base 3) to base 12.
7
Convert 112 (base 9) to base 13.
71
-3 (base 9) to base 10
-3
c (base 13) to base 3
110
Convert 100 (base 4) to base 10.
16
What is -2 (base 8) in base 13?
-2
43 (base 5) to base 9
25
What is -6 (base 15) in base 16?
-6
-5 (base 8) to base 5
-10
1a (base 14) to base 12
20
Convert 11 (base 4) to base 10.
5
Convert 20 (base 9) to base 14.
14
Convert 40 (base 8) to base 4.
200
What is 14 (base 11) in base 4?
33
What is 100 (base 2) in base 11?
4
Convert -47 (base 8) to base 11.
-36
Convert 8 (base 9) to base 6.
12
What is -10 (base 12) in base 4?
-30
Convert 17 (base 10) to base 8.
21
Convert -20 (base 3) to base 14.
-6
Convert -2001 (base 3) to base 10.
-55
Convert -61 (base 13) to base 15.
-54
-2 (base 11) to base 15
-2
-142 (base 11) to base 6
-435
Convert 6d (base 14) to base 13.
76
What is 24 (base 11) in base 12?
22
What is 10011 (base 3) in base 11?
78
2 (base 16) to base 5
2
What is 0 (base 5) in base 13?
0
Convert 322 (base 4) to base 10.
58
-1cc (base 14) to base 15
-1a1
Convert 115 (base 11) to base 6.
345
What is 3b (base 14) in base 10?
53
Convert 4 (base 12) to base 16.
4
-14 (base 16) to base 11
-19
8a (base 11) to base 12
82
0 (base 7) to base 5
0
What is 14 (base 13) in base 11?
16
27 (base 8) to base 5
43
What is 4 (base 10) in base 14?
4
Convert -43 (base 5) to base 14.
-19
What is -1 (base 15) in base 4?
-1
Convert 6 (base 14) to base 12.
6
What is 3c (base 13) in base 16?
33
Convert -2 (base 7) to base 6.
-2
Convert 0 (base 13) to base 4.
0
10 (base 4) to base 14
4
What is 2010 (base 5) in base 15?
120
27 (base 9) to base 7
34
What is 4 (base 12) in base 5?
4
Convert -2122 (base 3) to base 9.
-78
Convert -115 (base 12) to base 16.
-a1
What is 211 (base 3) in base 8?
26
What is 6 (base 12) in base 4?
12
What is 63 (base 7) in base 10?
45
1101 (base 4) to base 8
121
What is 3 (base 11) in base 4?
3
Convert 11 (base 3) to base 12.
4
Convert 11 (base 8) to base 5.
14
What is 40 (base 12) in base 5?
143
What is 142 (base 5) in base 11?
43
-2 (base 7) to base 11
-2
What is 1322 (base 5) in base 11?
183
Convert -1 (base 2) to base 13.
-1
-4 (base 6) to base 8
-4
2000 (base 5) to base 7
505
What is 1 (base 11) in base 4?
1
Convert -36 (base 13) to base 9.
-50
Convert b (base 16) to base 3.
102
What is -1 (base 15) in base 5?
-1
What is -164 (base 7) in base 5?
-340
What is 164 (base 10) in base 8?
244
Convert -11 (base 6) to base 4.
-13
Convert 1000 (base 2) to base 16.
8
Convert 21 (base 14) to base 4.
131
What is -1 (base 15) in base 6?
-1
Convert -27 (base 8) to base 12.
-1b
Convert 12 (base 3) to base 11.
5
What is 3 (base 9) in base 13?
3
What is 14 (base 13) in base 5?
32
What is -42 (base 14) in base 6?
-134
126 (base 14) to base 9
275
531 (base 7) to base 15
12c
-1 (base 2) to base 15
-1
-142 (base 6) to base 4
-332
Convert 104 (base 16) to base 14.
148
What is 22 (base 14) in base 6?
50
What is 1 (base 15) in base 14?
1
2 (base 11) to base 9
2
-4 (base 9) to base 15
-4
What is 10 (base 3) in base 6?
3
-2 (base 8) to base 13
-2
Convert 36 (base 13) to base 11.
41
What is 2 (base 4) in base 14?
2
Convert 9 (base 14) to base 7.
12
What is 15 (base 16) in base 6?
33
-56 (base 13) to base 12
-5b
3 (base 4) to base 6
3
Convert -2 (base 6) to base 16.
-2
What is -2 (base 14) in base 2?
-10
What is 13 (base 15) in base 2?
10010
18 (base 9) to base 6
25
c (base 13) to base 2
1100
-232 (base 5) to base 11
-61
What is 1 (base 7) in base 15?
1
-107 (base 9) to base 16
-58
-11 (base 4) to base 10
-5
What is -14 (base 11) in base 15?
-10
What is -31 (base 5) in base 2?
-10000
1201 (base 5) to base 10
176
What is 1 (base 9) in base 16?
1
What is 63 (base 13) in base 10?
81
412 (base 7) to base 9
247
Convert 16 (base 10) to base 12.
14
Convert -29 (base 10) to base 13.
-23
What is -1010 (base 2) in base 7?
-13
What is -46 (base 9) in base 16?
-2a
-22 (base 3) to base 4
-20
What is 1 (base 11) in base 3?
1
Convert -111 (base 2) to base 8.
-7
Convert -225 (base 10) to base 5.
-1400
1 (base 11) to base 4
1
Convert 21012 (base 3) to base 16.
c2
What is 471 (base 9) in base 5?
3023
Convert 32 (base 8) to base 9.
28
-4 (base 9) to base 3
-11
-2 (base 9) to base 13
-2
12 (base 10) to base 9
13
Convert 41 (base 6) to base 3.
221
0 (base 8) to base 4
0
2 (base 9) to base 4
2
What is -7 (base 13) in base 3?
-21
Convert -28 (base 13) to base 9.
-37
3 (base 15) to base 16
3
Convert -10001 (base 2) to base 4.
-101
Convert 3 (base 5) to base 8.
3
Convert 77 (base 9) to base 10.
70
What is -21 (base 3) in base 14?
-7
What is -10200 (base 3) in base 11?
-90
What is -4 (base 13) in base 3?
-11
88 (base 10) to base 15
5d
Convert -3 (base 10) to base 3.
-10
What is e (base 15) in base 3?
112
Convert -3 (base 5) to base 6.
-3
Convert -3 (base 5) to base 10.
-3
-120 (base 6) to base 12
-40
54 (base 9) to base 5
144
Convert 3f (base 16) to base 13.
4b
-630 (base 7) to base 15
-160
What is -12 (base 6) in base 10?
-8
-54 (base 15) to base 6
-211
What is -89 (base 11) in base 6?
-241
Convert 23 (base 13) to base 12.
25
11 (base 10) to base 1